e the prime factors of 14059932?
2, 3, 1171661
What are the prime factors of 157872478?
2, 53, 457, 3259
What are the prime factors of 100303992?
2, 3, 263, 5297
List the prime factors of 131819925.
3, 5, 661, 2659
What are the prime factors of 305177595?
3, 5, 73, 278701
What are the prime factors of 842899052?
2, 19, 31, 357767
What are the prime factors of 182549253?
3, 60849751
List the prime factors of 860554495.
5, 172110899
List the prime factors of 352378601.
17, 20728153
List the prime factors of 1335257536.
2, 20863399
What are the prime factors of 2354623050?
2, 3, 5, 13, 53, 22783
What are the prime factors of 441757014?
2, 3, 53, 1389173
What are the prime factors of 1275773127?
3, 163, 2608943
List the prime factors of 24046603.
7, 229, 2143
List the prime factors of 501493318.
2, 167, 461, 3257
List the prime factors of 61447471.
47, 1307393
What are the prime factors of 60113214?
2, 3, 7, 23, 20743
List the prime factors of 74696422.
2, 31, 1204781
What are the prime factors of 397265989?
193, 2058373
What are the prime factors of 408472023?
3, 136157341
What are the prime factors of 51907031?
11, 19, 101, 2459
List the prime factors of 25477640.
2, 5, 71, 8971
List the prime factors of 61028526.
2, 3, 13, 409, 1913
List the prime factors of 84493364.
2, 1627, 12983
List the prime factors of 2598146999.
7, 23, 41, 109, 157
List the prime factors of 32310242.
2, 397, 40693
What are the prime factors of 2489242071?
3, 191, 4344227
What are the prime factors of 77426764?
2, 131, 147761
List the prime factors of 563637029.
15451, 36479
What are the prime factors of 1690041190?
2, 5, 12457, 13567
List the prime factors of 5738651812.
2, 353, 1553, 2617
What are the prime factors of 452171920?
2, 5, 5652149
List the prime factors of 172961764.
2, 211, 204931
What are the prime factors of 472007808?
2, 3, 409729
List the prime factors of 19854289.
7, 13, 1291
List the prime factors of 103495859.
103495859
What are the prime factors of 297229932?
2, 3, 29, 43, 2207
List the prime factors of 119354560.
2, 5, 13, 2207
List the prime factors of 406536620.
2, 5, 7, 43, 67531
List the prime factors of 4375269762.
2, 3, 47, 467, 33223
List the prime factors of 24868959.
3, 8289653
List the prime factors of 50720554.
2, 17, 71, 21011
What are the prime factors of 83516669?
83516669
What are the prime factors of 933049370?
2, 5, 11, 67, 126601
List the prime factors of 29298116.
2, 937, 7817
What are the prime factors of 1300540360?
2, 5, 7, 663541
List the prime factors of 108497454.
2, 3, 13, 1390993
What are the prime factors of 36678668?
2, 13, 401, 1759
What are the prime factors of 65071597?
17, 3827741
What are the prime factors of 86836974?
2, 3, 7, 2067547
What are the prime factors of 137598217?
1823, 75479
What are the prime factors of 519908078?
2, 47, 107, 51691
List the prime factors of 998585412.
2, 3, 11, 103, 607
What are the prime factors of 927768017?
11, 84342547
List the prime factors of 3090421388.
2, 12983, 59509
List the prime factors of 72063551.
7, 10294793
What are the prime factors of 799437316?
2, 29, 449, 15349
List the prime factors of 113059344.
2, 3, 2355403
What are the prime factors of 7183811444?
2, 23, 29, 47, 59, 971
What are the prime factors of 454856322?
2, 3, 43, 1093, 1613
What are the prime factors of 74612163?
3, 24870721
List the prime factors of 72388273.
61, 1186693
What are the prime factors of 187799634?
2, 3, 11, 35129
List the prime factors of 2033510442.
2, 3, 1543, 219649
List the prime factors of 45061466.
2, 1733, 13001
List the prime factors of 51901839.
3, 11, 524261
What are the prime factors of 171137736?
2, 3, 7, 11, 30869
List the prime factors of 1284558880.
2, 5, 11, 47, 53, 293
List the prime factors of 94597420.
2, 5, 29, 43, 3793
What are the prime factors of 14537568?
2, 3, 151433
List the prime factors of 822520947.
3, 59, 911, 5101
List the prime factors of 1791115690.
2, 5, 7, 13, 29, 67, 1013
What are the prime factors of 616353942?
2, 3, 757, 135701
What are the prime factors of 79772702?
2, 1709, 23339
List the prime factors of 1222257161.
3527, 346543
What are the prime factors of 3521281043?
7, 17, 29590597
List the prime factors of 223857976.
2, 27982247
List the prime factors of 614773047.
3, 7, 29274907
What are the prime factors of 50762191?
107, 474413
List the prime factors of 3102072643.
3102072643
What are the prime factors of 88544011?
701, 126311
List the prime factors of 536692151.
53, 10126267
What are the prime factors of 140106899?
7639, 18341
What are the prime factors of 2753228059?
2753228059
What are the prime factors of 369865897?
369865897
List the prime factors of 211244421.
3, 859, 81973
List the prime factors of 1106080618.
2, 191, 1033, 2803
List the prime factors of 3844025196.
2, 3, 11, 29121403
What are the prime factors of 20642318?
2, 17, 607127
List the prime factors of 43932188.
2, 10983047
What are the prime factors of 3309813418?
2, 1654906709
What are the prime factors of 2094175506?
2, 3, 37, 61, 154643
What are the prime factors of 425571770?
2, 5, 13, 1249, 2621
List the prime factors of 258489425.
5, 47, 179, 1229
List the prime factors of 362326759.
1787, 202757
What are the prime factors of 3943007?
3943007
What are the prime factors of 268600277?
11, 761, 2917
What are the prime factors of 284467542?
2, 3, 23, 449, 4591
What are the prime factors of 31995380?
2, 5, 37, 43237
List the prime factors of 139317350.
2, 5, 2786347
What are the prime factors of 402555744?
2, 3, 51769
List the prime factors of 4782849162.
2, 3, 7, 13, 8759797
What are the prime factors of 1370034780?
2, 3, 5, 3943, 5791
What are the prime factors of 226724263?
226724263
List the prime factors of 999609617.
999609617
List the prime factors of 110151463.
31, 3553273
What are the prime factors of 116151682?
2, 181, 320861
What are the prime factors of 2864772?
2, 3, 17, 31, 151
List the prime factors of 1502114968.
2, 17, 11044963
What are the prime factors of 29909342?
2, 59, 253469
List the prime factors of 726767074.
2, 11, 59, 559913
What are the prime factors of 28871965?
5, 29, 83, 2399
List the prime factors of 2332783120.
2, 5, 109, 267521
List the prime factors of 203557012.
2, 43, 1183471
What are the prime factors of 84758226?
2, 3, 7, 17, 118709
List the prime factors of 136780146.
2, 3, 163, 46619
List the prime factors of 293629001.
103, 2850767
What are the prime factors of 94477601?
79, 1195919
List the prime factors of 262782135.
3, 5, 7, 11, 181, 419
What are the prime factors of 157666379?
13, 12128183
List the prime factors of 91831683.
3, 30610561
What are the prime factors of 319401903?
3, 53, 2008817
List the prime factors of 59089046.
2, 29544523
List the prime factors of 135567119.
2741, 49459
What are the prime factors of 86263687?
37, 2331451
What are the prime factors of 438046243?
438046243
List the prime factors of 75799981.
67, 1131343
What are the prime factors of 47243390?
2, 5, 4724339
What are the prime factors of 6952472710?
2, 5, 13841, 50231
What are the prime factors of 94920153?
3, 4243, 7457
What are the prime factors of 4579692764?
2, 17, 67348423
List the prime factors of 1542959128.
2, 433, 445427
List the prime factors of 258441498.
2, 3, 7, 2051123
List the prime factors of 8514551509.
149, 199, 287159
What are the prime factors of 279991435?
5, 55998287
What are the prime factors of 8871119?
19, 139, 3359
List the prime factors of 976915298.
2, 1999, 244351
What are the prime factors of 974293511?
17, 97, 590839
What are the prime factors of 21201807?
3, 11, 71, 9049
List the prime factors of 199769133.
3, 89, 748199
List the prime factors of 373306482.
2, 3, 967, 2383
List the prime factors of 1659693587.
1659693587
List the prime factors of 59119128.
2, 3, 821099
List the prime factors of 127462773.
3, 19, 2236189
List the prime factors of 119394215.
5, 23878843
List the prime factors of 885346257.
3, 97, 617, 4931
List the prime factors of 3602162325.
3, 5, 911, 52721
List the prime factors of 1331961198.
2, 3, 1301, 170633
List the prime factors of 961483622.
2, 11, 43703801
List the prime factors of 147308022.
2, 3, 193, 42403
What are the prime factors of 2915201028?
2, 3, 401, 421, 1439
What are th